-2). Let b = h + -80. Suppose 4*k - 655 = i, -b*k - i = -5*i - 501. Is k prime?
True
Let w(l) = -l - 9*l + 8*l + 13*l**2. Let h be w(-1). Suppose -5528 + 1103 = -h*u. Is u composite?
True
Is (-75)/90*-2 - (-101216)/6 composite?
False
Let w(u) = 3*u**2 + 87*u - 11. Let g be w(-29). Let m(r) = -7*r - 2 - 11 + r**2 + 6. Is m(g) prime?
True
Let w = 146 - 144. Is w/(8/1780) + 4 a prime number?
True
Let b be ((-109298)/4)/((11/(-2))/11). Suppose -b = -3*y - 4*y. Is y a prime number?
False
Suppose 3*t + 14 = 4*u, 5 = u - 0. Suppose -5*g - t*j + 0*j = 18, 4*j = 3*g + 16. Is (-2)/6*(g + -5699) prime?
True
Let p(o) = 26292*o**3 - 8*o**2 - 8*o + 17. Is p(2) composite?
True
Let c = -61053 + 98050. Is c a composite number?
False
Let y(z) be the third derivative of 13*z**6/72 - z**5/40 + z**4/3 - 10*z**2. Let n(f) be the second derivative of y(f). Is n(1) a composite number?
False
Let l = -77 - -79. Suppose -s + 2940 = o, -6*o - 5882 = -l*s - 10*o. Is s a prime number?
True
Let t(l) = 35*l - 9. Suppose -5*b - 305 = -5*w - 30, 2*b - 110 = -2*w. Suppose -g = -w + 29. Is t(g) a prime number?
False
Let k be (-1 + -3)/((-5)/((-60)/(-16))). Suppose 50*g - k*g - 384695 = 0. Is g composite?
True
Suppose 2*m = 2*i + 2975672, -4*i - 1487845 = 14*m - 15*m. Is m a prime number?
False
Let i(y) = 17132*y - 2307. Is i(7) composite?
False
Let i(b) = -2*b**2 + b + 2. Let g be i(-1). Let h be 8 + 0 + (-2 - g). Is (h/(-2) - -3)*(-2784 - 2) composite?
True
Let x = -16110 - -24629. Suppose 21824 + x = 19*p. Is p prime?
True
Let q = -3631 + 7231. Suppose 188 - q = -4*x. Is x a composite number?
False
Let d(f) = 8*f - 86. Let w be d(12). Suppose 4*m - 843 = -w*i + 9*i, 4*m - 846 = 2*i. Is m a composite number?
False
Suppose 4*u - 2*x = -3*x - 4, 2*x + 8 = -4*u. Suppose p = 4*b - 54596, u = -0*b + 5*b + 4*p - 68245. Is b a composite number?
False
Is 11*((-3526648)/(-48) + (-80)/96) a prime number?
False
Let g(t) = -t**3 - 3*t**2 + 12*t + 12. Let q be g(-5). Suppose -5*c = -4*a + 1517, -616 = -0*c + q*c + 3*a. Let z = 471 + c. Is z a composite number?
True
Suppose 3*p + 4*u + 12 = 0, -2*p + 4*u + 0 + 12 = 0. Suppose -4*y + w + 23425 + 2262 = p, 25699 = 4*y - 5*w. Is y a composite number?
False
Let x = -2280 - -3972. Let m = x + -353. Is m prime?
False
Let t = 124828 - 57489. Is t composite?
False
Let m = 33240 + -18257. Is m composite?
False
Let d be (0 - (-4762)/6)*(5 + -2). Let m be 1/(d/(-5965) - 8/(-20)). Suppose -2*a + 917 = -m. Is a prime?
False
Let q(f) = f**3 - 10*f**2 + 27*f + 20. Let t be q(28). Let i = -8091 + t. Is i a composite number?
True
Let m(s) = s**2 + 2*s - 3918. Let a be m(0). Let t = 5611 + a. Is t a composite number?
False
Let q(o) be the second derivative of -5*o**3/6 + 27*o**2/2 + 16*o. Let j be q(6). Is (0 - -3)/3 + (-378)/j a composite number?
False
Let f(t) = 340*t**2 + t + 3. Suppose -4*r = 4*g + 16, -2*r + 4 = 4*g + 10. Suppose -2*j + j + g = -3*k, j - 3 = 4*k. Is f(k) a prime number?
True
Let z(m) = -m**3 + 40*m**2 + 20*m - 73. Let c be (27 - -1) + -2 + (-54 - -58). Is z(c) a composite number?
True
Let j = 6888 + -1973. Let x = -1806 + j. Is x prime?
True
Suppose 14*o - 99945 = -r + 13*o, 6*o + 99973 = r. Is r prime?
False
Let k(q) = 5441*q - 45. Let y be k(-9). Is (-15)/3 - y/7 prime?
True
Suppose -92*a + 1360373 + 1552104 = -2661711. Is a a composite number?
False
Suppose -166*q = -228*q + 2059082. Is q composite?
False
Suppose 7*j + 320 = -3*j. Let s be (-2 - (-32)/20) + j/(-5). Is (3/(-9))/(s/(-5238)) a prime number?
False
Is 1/3*((163992 - -7) + 50) prime?
False
Let v = -8241 - -13943. Suppose -8582 = -2*f + v. Is f prime?
False
Let a = 50 + -279. Let j = 7640 + a. Is j composite?
False
Let j(b) = 1 + 1675*b**2 - 1548*b**2 - 4*b + 3. Is j(3) prime?
False
Let v be (-40)/10 + (6 - -319). Suppose 36751 = -v*k + 334*k. Is k composite?
True
Let i(t) = 7304*t - 1275. Is i(7) a composite number?
False
Let g(s) = -437*s - 21. Suppose 5*b = 3*r + 29, 0 = -2*r + b - 11 + 1. Let o be g(r). Suppose 0*c + 6 = 3*c, 4*p - c = o. Is p composite?
True
Let b = 14226 - 8795. Is b composite?
False
Suppose -2*u - 16 = 3*y + y, -4*u - 5*y = 38. Is 1536 - (-7 + 6) - u/3 a composite number?
True
Is -1119169*((-46)/8 - (-261)/348) a prime number?
False
Let t(h) = -8416*h**3 - 12*h**2 - 20*h + 1. Is t(-2) prime?
False
Let c = -43 - -28. Let b = -9 - c. Suppose -b*v - 890 = -8*v. Is v composite?
True
Suppose -a - 3*o + 4 = 0, -9 - 7 = -4*a + 2*o. Suppose -30 = -3*w - c - a, 1 = -c. Let r = w - -2. Is r a composite number?
False
Suppose 0 = 18*c - 19*c + 33*c - 3136576. Is c a prime number?
False
Let c be 2/8*2*12. Let g(k) = 59*k**2 - 11*k + 12. Let q(l) = -9*l**2 + 2*l - 1. Let t(v) = g(v) + 4*q(v). Is t(c) composite?
True
Let i = 2178 - -4138. Suppose l - i = 2903. Suppose l = -0*m + 7*m. Is m a prime number?
False
Let l(q) = 2*q**2 - 25*q - 88. Let p be l(-21). Let c = 2362 - p. Is c a prime number?
False
Let g(p) = -p - 2. Let a(k) = -626*k + 15. Let r(d) = a(d) + 6*g(d). Let c be r(-2). Let v = c + -746. Is v composite?
False
Suppose -43501 = -7*h + 129622 + 121794. Is h a prime number?
True
Let m(c) = -c**2 + 7*c + 4. Let l be m(7). Suppose -8*t + l*t = -252. Let r = 166 - t. Is r composite?
False
Let p(g) = 304*g**2 - 68*g + 1250. Is p(21) prime?
False
Suppose 10*u + 119*u = 2608861 + 2618477. Is u a prime number?
False
Suppose 3008276 = 6*s + 2*p, 0 = -s + p + 422035 + 79343. Is s prime?
False
Let p(g) = 328967*g + 569. Is p(6) a composite number?
True
Let y(k) = k**3 + 10*k**2 - 12*k - 7. Let i be 7/(245/14) - (-1416)/10. Let s = 132 - i. Is y(s) prime?
True
Let p(t) = 6*t - 25. Let a be p(5). Suppose 2*m = a*y - 14475, -3*y + 3*m = 4*m - 8696. Is y composite?
False
Suppose 68 - 50 = 6*v. Is v*(49735/21 - -2) prime?
False
Suppose 0 = -5*a - u - 4*u + 575, u - 4 = 0. Suppose -99 = -2*z + a. Let j = -52 + z. Is j a prime number?
True
Let r(q) be the second derivative of 31*q**3/3 + 9*q**2/2 - 7*q. Let p be (-10)/20 - 15/(-2). Is r(p) composite?
False
Suppose 0 = -31*s + 26*s + 5*f + 550280, 5*s = -3*f + 550304. Is s a prime number?
True
Suppose 2 = 2*u + 2. Suppose 4*a - 5 = -3*z - 1, -5*z + 5*a - 5 = u. Is 1 + -18*(z - 13) prime?
False
Suppose -5*t + 240 = 5*c, 2*c = -3*t - 3*c + 144. Suppose -t*q - 217 = -47*q. Let i = -71 - q. Is i a prime number?
False
Suppose -2*g = -2*z - 2*z - 23320, -g - 5836 = z. Let q = -3395 - z. Is q a prime number?
True
Suppose 3*z = -3*a + 76641, 0*z = 4*a - 4*z - 102212. Suppose -3*j - a = -10*j. Suppose -2*b - 2*g = 2*b - j, -2*b + 2*g + 1828 = 0. Is b a prime number?
False
Let r(d) = -198*d - 14. Let s be r(-2). Let w = -75 + s. Is w a prime number?
True
Let t(h) = -6*h - 2. Let d be -1*4/2*(-5 + 4). Suppose -4*s + 2*g = 34, g + 15 = -4*s + d*s. Is t(s) composite?
True
Let r(g) = -137*g**3 + g**2 - 2*g - 2. Let j be r(3). Let h = 7069 + j. Is h a composite number?
False
Let m(h) = -172*h + 9. Let f = 23 + -39. Let j be (2 + f)*(-8)/(-16). Is m(j) composite?
False
Let y(v) be the second derivative of 14*v**4/3 - v**3/2 + 3*v**2/2 - 18*v. Suppose 0 = -3*n - b - 15, -4*n - 4 = 2*b - 6*b. Is y(n) a composite number?
False
Let z(q) = 379*q**2 - 122*q - 364. Is z(-27) composite?
False
Let h(b) = -67416*b - 1259. Is h(-4) a prime number?
False
Let r(w) = 3*w**2 - 103*w + 117. Is r(53) composite?
True
Suppose z + 3*p - 381 = 0, -6*p + 2*p - 8 = 0. Suppose 9*x - 995 = 4*x. Let w = z + x. Is w composite?
True
Suppose 0 = -h + 3*f - 6*f + 225, -5*h - 5*f + 1155 = 0. Let t(i) = -h*i - 3 - 1 - 300*i - 1. Is t(-3) a prime number?
True
Suppose 34*x - 1017883 + 309561 = 0. Is x a composite number?
True
Suppose -159*v + 72554499 = 6337518. Is v composite?
False
Let o = -621 - -1616. Suppose -m + 6*x = 5*x - o, 2993 = 3*m + x. Is m a composite number?
False
Is 819/(-39) + (-2627936)/(-2) prime?
False
Suppose 5306 = 2*o - 2*w, -3*o = 3*w - 4*w - 7953. Let b = 4121 - o. Is b a composite number?
False
Let a be (9/6)/((-3)/2 + 2). Suppose -21541 = -10*o - a*o. Is o prime?
True
Let p(f) = f + 4. Let q be p(-25). Let o = 21 + q. Suppose 5*t = -o*t + 5605. Is t composite?
True
Let l(v) = v**2 - v - 42. Let x be l(7). Suppose x = -21*j + 61308 + 824703. Is j composite?
True
Suppose 0 = -23*v - 43*v + 9591093 + 1525485. Is v composite?
False
Let l(r) = 4